 = t + 162. Determine r(n).
-8
Let w(h) = h**3 + 3*h**2 - h + 4. Let k(u) = 4*u - 35. Let g = 12 - 10. Suppose 16 = g*p - 0*p. Let x be k(p). What is w(x)?
7
Let p be (4 - 96/20)*15/(-6). Let t(x) = -44*x - 29*x + 62*x - p. Suppose 0*y + 5*y + 10 = 0. Calculate t(y).
20
Let o(h) = -6*h + h**3 - 15*h**2 + 19 + 2*h**2 - 32 + 3*h**2. Determine o(10).
-73
Let r(t) be the second derivative of 29*t**3/6 + t**2/2 + 279*t. Determine r(-1).
-28
Let a(t) = t**3 - 2*t**2 - t. Let z = -174 - -173. Let s(o) = 3*o**3 + 2*o**2 - 3*o + 8. Let g(p) = z*s(p) + 2*a(p). What is g(-6)?
-14
Let r(m) be the second derivative of -2*m**5/5 + m**4/12 + m**3/6 - m**2/2 - 2*m - 19. Suppose -18*c - 5 = -13*c. Let z be (15/(-25) + (-2)/5)*c. Give r(z).
-7
Let f(j) = -14*j - 143. Let b be 56/(-6) + 1/(21 + -18). Give f(b).
-17
Let s(f) = -4197*f**2 - 2*f**3 - 4256*f**2 + 8451*f**2. What is s(0)?
0
Suppose 0*b - 2*b - 2 = 0. Let q(c) = 8*c**2 - 1 + 174458*c - 174458*c. Determine q(b).
7
Suppose 128*i + 123*i + 3029 = 18*i. Let j(r) = 14*r**2 + 184*r + 30. Calculate j(i).
4
Let i(k) = k**3 + k**2 - 2. Let d(z) = -13*z**3 + 13*z**2 + 26*z + 41. Let u(s) = -d(s) - 14*i(s). Give u(-26).
-13
Let s(i) be the third derivative of i**6/720 - i**5/60 + i**4/24 + 5*i**3/2 - 48*i**2. Let a(q) be the second derivative of s(q). Determine a(2).
0
Let j(w) = -3*w - 3. Let o(v) = -7*v + 19. Let f be o(13). Let a be (-1)/(-6) + 2/(f/78). What is j(a)?
3
Let r(t) = -t**2 - 11*t + 6. Let n(k) = k - k - 8*k**2 - 13 - k - 13 + 27. Let c be n(-1). What is r(c)?
36
Let a(r) = -r**3 + 10*r**2 - 19*r - 8. Let v(c) = 50*c + 1358. Let l be v(-27). Give a(l).
-32
Let t(c) = -3*c + 73. Let p(x) = -5*x**2 + 29*x - 18. Let f be p(2). Calculate t(f).
13
Let x(p) = 201*p + 203. Let b be x(-1). Let l(o) = 3*o - 7. Calculate l(b).
-1
Suppose 119*t - 116*t = 12. Let n(g) = g**2 + 7*g + 1. Let w(j) = -2*j**2 - 13*j - 1. Let l(o) = 7*n(o) + 4*w(o). Give l(t).
-25
Suppose -30 = -5*h + 5*p - 0*p, h + p = 0. Let f(a) be the second derivative of 1/2*a**2 + 1/3*a**3 + 1/20*a**5 + 3*a + 15 - 1/3*a**4. Determine f(h).
-2
Let p(f) = f. Let z(q) = -12*q - 4. Let n(w) = -8*p(w) - z(w). Let a(v) = 18*v**2 + 66*v - 19. Let g be a(-4). What is n(g)?
24
Let c(q) = 3*q**3 - q**2 + 3*q - 24. Let j(x) = -8*x**3 + 4*x**2 - 6*x + 49. Let l(o) = 5*c(o) + 2*j(o). What is l(4)?
-26
Let m(a) = 34*a**3 - 7 + 4*a**2 - 2*a**2 - 33*a**3 - a**2. Suppose -2*g + 9*g + 14 = 0. Let j = g + 2. Calculate m(j).
-7
Suppose -294 - 427 = o - 4*y, -3*o + 4*y = 2179. Let w = 723 + o. Let z(u) = -u - 3. Calculate z(w).
3
Let v(k) = k**2 + k - 20. Let b be v(4). Suppose b*z = -6*z + 12. Suppose -4*w = -2*j + 4, 7*w - z*w + 4*j - 21 = 0. Let l(o) = 4*o. What is l(w)?
4
Let a(i) = 7*i**3 - 44*i**2 - 43*i + 38. Let g(v) = -12*v**3 + 84*v**2 + 83*v - 75. Let z(h) = 5*a(h) + 3*g(h). What is z(33)?
-2
Suppose -4*j = 2*c - 3*c + 121, -4*c = 5*j - 484. Suppose 26*h - 950 = 584. Let o(p) = -4*p + h - p**2 + 63 - c. Determine o(-6).
-11
Let b(i) = -4*i**3 + 6*i**2 - 72*i + 78. Let n(q) = -5*q**3 + 22*q**2 - 70*q + 78. Let l(j) = 4*b(j) - 3*n(j). Calculate l(-40).
-2
Suppose 9*v - 11*v = -6. Suppose -v*d - 9 = -12*d. Let j(l) = -l - 4*l**3 + 3 - 3 + 1. Determine j(d).
-4
Let x(v) = -6*v + 216. Suppose 315 = -65*r + 74*r. Determine x(r).
6
Let v(o) = -o**3 - 7*o**2 + 7*o - 7. Suppose -28*q = -30*q. Suppose -5*t + 40 - 25 = q. Let u be (4/5)/(t/(-30)). Calculate v(u).
1
Let x(k) = -8*k**3 + 9*k**2 + 25*k + 39. Let m(f) = 6*f**3 - 16*f**2 - 26*f - 38. Let h(c) = 3*m(c) + 2*x(c). Give h(16).
28
Let s(n) = -47*n + 6. Let p(h) = 8*h. Let k(y) = 6*p(y) + s(y). Let r = -10 - -3. Give k(r).
-1
Let o(g) = -g**2 + 13*g - 13. Let p be (-8 - (-1218)/154)*55/(-10)*2. Give o(p).
-1
Let y(b) = b**3 - 3*b**2 + 2*b - 3. Let q be 15/9*3 + 3. Let i be 0 - 1 - (43 - q). Let h = 39 + i. Give y(h).
3
Let k(z) = z**3 + 23*z**2 - 22*z + 47. Let a be 362/543 + (-74)/3. Calculate k(a).
-1
Let n(q) = -q**2 - q + 1. Let a(p) = -p**2 + 2*p + 6. Let l = 482 - 481. Let v(r) = l*a(r) - 3*n(r). Determine v(-3).
6
Let j(f) = 4*f + 8. Let h(s) = -s - 1. Let b(m) = 5*h(m) + j(m). Let d(l) = l**2 - 46*l + 199. Let o be d(41). Give b(o).
9
Let y(b) be the third derivative of -b**5/20 - 5*b**4/6 + 23*b**3/6 - 2*b**2 + 2730*b. Give y(-7).
16
Let f(u) be the first derivative of 5*u**2/2 + 21*u - 943. What is f(-6)?
-9
Let r = -20516 - -20530. Let l(j) = -20*j + 281. What is l(r)?
1
Let f = 10 + -12. Let t(a) = a - 1. Let z(s) = -s**2 + 10*s + 9. Let w(q) = f*t(q) + z(q). Let g be w(9). Let y(b) = 2*b**2 - 3*b. Give y(g).
2
Let j(f) = f**2 + 7*f + 2. Let w be j(-5). Let m = -14779 + 14773. Let l be 13/2 + m/(w - 4). Let s(h) = -h + 3. Give s(l).
-4
Let a(m) = 20 + m + 36 + m**2 - 57. Let l(v) = -4*v**2 - 2*v + 1. Let i(z) = -a(z) - l(z). What is i(1)?
4
Let o(j) be the second derivative of -j**3/3 - 12*j**2 + 684*j. Calculate o(8).
-40
Let u(k) = -k**3 + 11*k**2 - 11*k - 57. Let v be u(9). Let y(a) = 2*a**2 - 9*a + 5. Give y(v).
23
Let r = -59 - -76. Let u(p) = -43*p**2 + 2 + 11*p**2 + 16*p**2 + 15*p**2 + r. Give u(0).
19
Let o be 6/(-33) + (-5)/(165/(-10566)). Let g = o - 324. Let p(h) = h**2 - 10*h - 5. Let q(u) = -2*u**2 + 15*u + 8. Let r(i) = -8*p(i) - 5*q(i). Give r(g).
12
Let w = -600 - -604. Suppose 0 = -9*j - w*j. Let n(c) = -c**2 - c - 27. Determine n(j).
-27
Let d(t) be the third derivative of t**4/4 - 4*t**3 - 4204*t**2. Give d(11).
42
Let z(n) = -n**3 - n**2 - 4*n + 13. Suppose 267*r + o = 263*r - 2, -3*r - 2*o = 4. What is z(r)?
13
Let x = 12/67 - -43/134. Let v(a) be the first derivative of -2/3*a**3 + x*a**2 - 2*a - 5. Calculate v(2).
-8
Let o(r) = -2*r + 9. Let y(j) = -7*j + 15. Let b(m) = -9*m + 16. Let c(n) = -4*b(n) + 5*y(n). Let x be c(-4). Determine o(x).
-5
Suppose -304 = -24*x + 8*x. Let l(a) = a**3 - 1 + 6*a**2 + 35*a - x*a - 17*a - 3*a**2. Let h = -9 + 7. Give l(h).
5
Let w(u) = -u**3 - 8*u**2 - 6*u + 7. Let b be w(-7). Suppose -10*m = -b*m + 750. Let r = -66 - m. Let y(s) = -s**3 + 8*s**2 + 9*s + 5. Calculate y(r).
5
Let w(b) be the second derivative of -1/20*b**5 - 5/2*b**2 - 7/12*b**4 - 9*b - b**3 + 0. Let p = -209 + 203. Give w(p).
-5
Let y(z) = 87*z - 6366. Let x be y(73). Let h(u) = -u**3 - 14*u**2 + 5*u - 30. Calculate h(x).
120
Suppose s + 92 = 3*o, -28 - 112 = -5*o - s. Let w(c) = -27*c + 12 - 15 - c**3 + o*c + 2*c**2. Let l be (12/3)/(-2) - -5. What is w(l)?
-6
Let r(u) = -2*u + 36. Suppose 22 = 4*x + 3*l, -376*l - 24 = -2*x - 371*l. Calculate r(x).
22
Let v = -27027 + 27029. Let z(r) = -r**3 + 2*r**2 - 2*r + 2. Let n(q) = q**2 - 1. Let j(p) = 4*n(p) + z(p). Give j(v).
10
Let q(y) = -2*y**3 + 15*y**2 - 5*y - 12. Suppose 22*v = 18*v + 28. Let b be q(v). Let f(i) = 2*i + 1. Determine f(b).
5
Let q(b) = b**2 - 16*b + 32. Suppose -5*r = 4*h + 1173 - 1223, -2*r + 43 = -3*h. Calculate q(r).
4
Suppose -2*r = 0, 4*m + m - 4*r = 15. Let g(l) be the first derivative of -2*l**2 - m*l**2 + 2*l + 0 - 6 + 2*l**2. What is g(2)?
-10
Let w(j) = -j**3 + 3*j**2 - 3*j + 4. Suppose 397*f - 2 = 398*f - 4. Give w(f).
2
Let n(k) = -86*k**3 - 14*k**2 + 15*k + 12. Let s(b) = 66*b**3 + 11*b**2 - 11*b - 9. Let z(v) = -10*n(v) - 13*s(v). Determine z(4).
49
Let u be ((-108)/(-864))/(2/64). Let o(s) = -s**3 + 3*s**2 + s + 7. Calculate o(u).
-5
Let n = 19 - 16. Suppose n*v - 27 = -0*v. Let l(g) = -5*g - g**2 - 4*g + v*g - 3*g. Calculate l(-5).
-10
Let b(s) = -s**2 - 11*s + 48. Let w = -31944 + 31930. Determine b(w).
6
Let a be 302 - (-5)/(-10)*-2. Let v = a + -212. Let c(t) = -170 + 83 + 6*t + v. What is c(-3)?
-14
Let s(n) = 6*n + 23*n + 7*n - 31*n - n**2. Let f be 60/8 + (-9)/6. What is s(f)?
-6
Let g(d) be the second derivative of d**5/20 + 2*d**4/3 - 5*d**3/3 + 9*d**2/2 + 1184*d. Calculate g(-9).
18
Let o(f) = -f. Suppose 0 = -5*d, -5*d + 0*d = -4*y + 12. Let h be (1/(-2))/(y/282). Let z = h + 49. Calculate o(z).
-2
Let x(f) = -7*f - 1. Let q be x(-1). Let j = -521 + 527. Let z(m) = j + 1 - 8*m - m**2 - 12*m + 24*m. Calculate z(q).
-5
Let f(t) be the second derivative of -t**3/6 + 3*t**2 - 10*t. Suppose -5*z - 26 = -2*b, z = -2*b - 3*b + 119. Let g = b - 23. Determine f(g).
6
Let t(w) = 17 + 11895*w**2 - 23808*w**2 + 11906*w**2 - 13*w + 10. Calculate t(3).
-75
Let h(p) = -p**3 - 6*p**2 + p + 24.